are the prime factors of h?
2, 3, 5
Suppose -377 = -6*i + 187. Suppose -101*j + i*j = -623. List the prime factors of j.
89
Suppose 0 = 2*k + 3*j - 28651, -k - 2*j = -5*k + 57326. What are the prime factors of k?
2, 5, 1433
Let m = -131 + 323. Suppose 0 = 3*w - k + 13 - m, -w + 3*k + 57 = 0. List the prime factors of 3132/w - (-1)/(-5).
2, 13
Suppose 384*c = -6017712 + 12312008 + 5998696. List the prime factors of c.
3, 3557
Let z be (-1 + -1)/(-5 - 26/(-6)). Suppose -3 = -b + 2*q, 4*q + z = 2*b - b. Let g(i) = 14*i**2 + i. List the prime factors of g(b).
3, 43
Let l = -28590 - -40150. What are the prime factors of l?
2, 5, 17
Let m(a) = -2*a**3 - 18*a**2 + a + 13. Let h be m(-9). Suppose 0 = h*z - 12, -5*z + 857 = q + 42. What are the prime factors of q?
2, 5
Let w(t) = -17*t + 288. Suppose -c + 53 = -2*h, 5*c + 85 = -0*h - 4*h. List the prime factors of w(h).
23, 31
Let q = -2799 + 16351. List the prime factors of q.
2, 7, 11
Suppose 8*c - 65 + 25 = 0. Suppose 2*k - 4*k - 14 = c*o, -5*k - 16 = 3*o. What are the prime factors of 0 - ((-6)/o + -14)?
11
Let c be (-8)/16 - (1 - (-2054)/(-4)). Suppose x - 4*k = 536, -3*x - c = -4*x - 2*k. List the prime factors of x.
2, 5, 13
Suppose -24*j = -90*j + 550506. List the prime factors of j.
19, 439
Let g(k) = -14*k - 156. Let a(f) = -27*f - 311. Let j(v) = -2*a(v) + 5*g(v). List the prime factors of j(-17).
2, 3, 19
Let n = -3721 + -347. What are the prime factors of (n/(-30))/6*5?
113
Let j(x) = 17*x**2 + 24*x - 621. List the prime factors of j(-28).
5, 29, 83
Let r(p) = -p**3 + 6*p**2 + p - 4. Let v be r(6). Let u(j) = -7*j + j**2 - j**v - 2*j**2 - 1 + j**2. List the prime factors of u(-2).
3
Let x(u) = 55*u**2 - 209*u - 1716. List the prime factors of x(-8).
2, 11, 79
Suppose 138*w - 2*s = 136*w + 21010, -10497 = -w - 3*s. What are the prime factors of w?
3, 389
Let x(y) = -y**2 - 18*y + 63. Let t be x(-20). Suppose -506 = -25*l + t*l. List the prime factors of l.
11, 23
Suppose 0 = -578*f - 13719822 + 30236326 + 17064718. List the prime factors of f.
58099
Suppose -44*g + 1024 = -36*g. Let d(s) = -123*s**3 - 2*s + 1. Let p be d(1). Let u = p + g. List the prime factors of u.
2
Let r(k) = -2*k**3 + k**2 + 7*k + 9. Let j be (24 - 19)/(-1 + 0). List the prime factors of r(j).
3, 83
Let w(j) = j**2 - 8*j - 30. Let i be w(9). Let a = -15 - i. Suppose d - a*d + 1151 = m, 5*m = 3*d - 713. List the prime factors of d.
3, 7, 11
Suppose 99*k + 66085 - 624605 - 148934 = 0. What are the prime factors of k?
2, 3, 397
Suppose 261*t = 366*t - 4324530. List the prime factors of t.
2, 20593
Suppose -4*a - 20*r + 479 = -17*r, -a + 4*r + 134 = 0. What are the prime factors of 14/(-4) + 19947/a?
2, 5
Let z = -55109 + 79217. List the prime factors of z.
2, 3, 7, 41
Suppose -617782 - 275273 = -28*m + 240189. What are the prime factors of m?
3, 1499
Let z(s) = 2*s**3 + 23*s**2 + 15*s + 12. Let c be z(-10). Suppose -3*w = -t - 178, -3*t - 24 = -3*w + c. List the prime factors of w.
2, 29
What are the prime factors of (-3 - -28337) + -35 + 25?
2, 73, 97
Suppose -4*p + 12 = 0, k - 9 = -4*p + 6. Let d be (7/k - 2) + 217/(-3). Let s = d + 198. What are the prime factors of s?
2, 3, 7
List the prime factors of (17983/(0 + 7) - (0 + 6)) + 5.
2, 3, 107
Suppose -101 - 34 = 5*s. Let h be (-3)/9 - 0 - 9/s. Suppose -3*m + 4*y + 308 = h, 3*m - 104 - 212 = -4*y. List the prime factors of m.
2, 13
Suppose -22*q + 17*q + 60 = 0. Suppose 0 = 31*v - 35*v + q. Let h(y) = 4*y**3 - 5*y**2 + 7*y - 9. What are the prime factors of h(v)?
3, 5
Suppose -17*c + 22*c - 17448 = 2*d, 3494 = c + 4*d. List the prime factors of c.
2, 5, 349
Suppose 0 = 5*j - 4*j - 1680. Let w = j + -1032. Suppose 0 = f + 8*f - w. List the prime factors of f.
2, 3
Let r = -38 + 38. Suppose -q = -2*h + 39 - 375, -2*q + 4 = r. List the prime factors of 98/(-735) + h/(-30)*2.
11
Suppose -5*y + 21 = 2*y. Let c(j) = j**2 - j - 4. Let b be c(y). Suppose 6*z = b*z + 320. List the prime factors of z.
2, 5
Let r(u) = 21*u**2 + 21*u - 77. What are the prime factors of r(7)?
7, 157
Let w = -37 + 45. Suppose -3*d + w*d - 20 = 0. Suppose 4*g - 320 = -4*o, 8*o + d*g - 402 = 3*o. List the prime factors of o.
2, 41
Let g(o) = -4*o**2 - o**2 + 5*o**2 - 7*o**2 - o + 6. Let t be g(-4). Let y = t - -245. What are the prime factors of y?
11, 13
Let g be 12*-3*(-2)/(-12). Let x be (2/g)/(9/(-108)). Suppose 5*b = -5*q + 205, -x*b = b + 5. List the prime factors of q.
2, 3, 7
Suppose -2*t = 4*b + 864, 4*b + 0*b + 876 = 4*t. Let r = b - -592. What are the prime factors of r?
3, 5
Let t(o) = 7*o - 16. Suppose -67 + 61 = -2*u. Let l be t(u). Suppose -s + 16 = 2*p - 79, 0 = 2*s + l*p - 190. List the prime factors of s.
5, 19
Let r = -638 + 997. Suppose 2487 = 14*x + r. What are the prime factors of x?
2, 19
Let w(s) = s**2 + 6*s + 3. Let n(c) = c - 1. Let y(p) = 6*p - 2. Let x(f) = 8*n(f) - y(f). Let a be x(0). List the prime factors of w(a).
3
Suppose 4*h - 148765 = 3011. List the prime factors of h.
2, 3, 17, 31
Suppose -3*p + 3*c = -2286 + 570, -4*c = 2*p - 1174. Suppose 4*b - t = p, -6*b + 3*b + 449 = -4*t. List the prime factors of b.
11, 13
Let u(s) = -197*s**2 + 35*s + 113. Let f(o) = -97*o**2 + 18*o + 57. Let m(b) = -13*f(b) + 6*u(b). List the prime factors of m(-4).
1297
What are the prime factors of -4 + 4*(-94)/(-92) + 2892186/207?
2, 7, 499
Suppose 6738 = -30*n + 86742 + 168066. List the prime factors of n.
8269
Let w(o) be the second derivative of -o**3/2 + 12*o**2 + 2*o. Let u be (-18)/(-4)*(-16)/(-12). List the prime factors of w(u).
2, 3
Let h = 206 + -166. List the prime factors of 4/10 - ((-16824)/h + 8).
7, 59
Let t = -511 - -3005. List the prime factors of t.
2, 29, 43
Let r = -18 - -8. Let u be 27/6*r/(-15). Suppose -s - u*s + 31 = t, 5*t + 13 = s. What are the prime factors of s?
2
Suppose -145*l + 147*l - 44379 = -f, 0 = -4*l + 3*f + 88713. What are the prime factors of l?
3, 5, 17, 29
Let y(z) = -8*z + 3. Let j be y(1). Let l(b) = b**3 + 9*b**2 + 10*b + 7. Let r be l(j). Let v = 82 + r. List the prime factors of v.
139
Suppose 96 = 5*t + 66. Let z be (0 + 2)*(-3)/(t/(-587)). Suppose -4*v + z = -5. What are the prime factors of v?
2, 37
Let j = 538 + -349. Let q = j + -75. List the prime factors of q.
2, 3, 19
Suppose 0 = 3*w - 5*w + 3*q - 6, -w + 2*q = 4. Suppose -o = -w*d + 2*d - 137, 5*d = 3*o - 400. Let c = 231 - o. List the prime factors of c.
2, 3
Suppose 0 = -5*a - 20, a + 255 = -4*s + 1231. Suppose s = 3*n - 514. Suppose 4*i - 5*x = 236 + n, -2*i - x + 227 = 0. List the prime factors of i.
2, 29
Suppose 0 = -76*h + 378441 + 109479. What are the prime factors of h?
2, 3, 5, 107
Let m = -181 - -186. Suppose 1518 = 4*g + m*t, -2*g + 1889 = 3*g + 2*t. What are the prime factors of g?
13, 29
Suppose 13*g - 16*g - 15 = 0, -g = 5*z - 99535. What are the prime factors of z?
2, 3, 7, 79
Let o(a) = 1326*a**3 + 5*a**2 - 25*a + 22. What are the prime factors of o(2)?
2, 5, 53
List the prime factors of ((-450)/(-8) + 15/20)*(155 + -11).
2, 3, 19
Let d(y) = 2*y**2 - 15*y - 45. Let p be d(10). Suppose 0 = k + p*z - 335, -4 = -z - 0*z. What are the prime factors of k?
3, 5, 7
Suppose 4*g + 640*s - 642*s = 5922, 0 = -5*s + 25. What are the prime factors of g?
1483
Let k be -2*3/6 - -3 - -26. Suppose 0 = -3*p + k*p - 31225. What are the prime factors of p?
1249
Let d = -7364 + 18539. List the prime factors of d.
3, 5, 149
Suppose -9539 = -14*j - 1041. Let c = 682 - j. What are the prime factors of c?
3, 5
Let s be (15/5 + -4)*-1. Suppose 2*p + 2*h - s = h, 4*h = -3*p - 11. Suppose -21 = -2*r - p*f + 75, -4*f = -5*r + 286. What are the prime factors of r?
2, 3
Suppose -8*s - 17*s - 32*s + 111378 = 0. What are the prime factors of s?
2, 977
Let s be 515/((-4)/8*(-10)/15). Suppose 0 = 8*d - 3*d - s. Let x = -149 + d. List the prime factors of x.
2, 5
Let c = -171 - -485. Let u = 663 - c. List the prime factors of u.
349
Suppose 25 = -8*q - 23. List the prime factors of 1*(q + 10 + 238).
2, 11
List the prime factors of 2/(-6) + (8/(-6))/2 - -4874.
11, 443
Let t = -35 + 37. Suppose 584 = 5*p - t*v, -p + 222 = p + 5*v. Suppose 0*r - 5*c = -r + p, -3*c - 108 = -r. List the prime factors of r.
2, 3
Let f(h) = 33*h**2 + 2*h + 12. Let n(y) = -100*y**2 - 3*y - 37. Let r(i) = -8*f(i) - 3*n(i